ivative of k**4/24 + k**3/2 - 4*k**2. Calculate n(-7).
-4
Suppose n + 4*u = -n, -3*u + 36 = -3*n. Let m = n + 8. Let g(h) = h**3 - h**2 + h - 4. What is g(m)?
-4
Let b(f) = -f**3 + 4*f**2 - 3*f - 3. Let l be 0*1/(-2) - 20. Let k be (42/(-35))/(6/l). Calculate b(k).
-15
Let t(y) be the first derivative of 4*y**2 - y + 21. Calculate t(1).
7
Let i(o) = o**2 - 3*o - 5. Let n(t) = -4*t - 80. Let l be n(-21). Calculate i(l).
-1
Let s(q) = q**2 + 1. Let d(c) = c**2 - 2*c + 1. Let x(k) = -d(k) + 2*s(k). Let n be 4/(-22) - (-210)/(-55). Determine x(n).
9
Let w(y) = 2*y**2 - 3 - 2*y + 5*y - y**2. Let k(l) = l**2 - 8*l + 8. Let b be k(6). Let i = -8 - b. Give w(i).
1
Suppose 0 = -b + 4 - 2. Let a(h) = 1 - 11*h - h**3 + b*h**3 + 10*h. Let m(g) = 6*g**3 + 3*g**2 - 8*g + 1. Let t(s) = 5*a(s) - m(s). Calculate t(-3).
-5
Let s(c) be the first derivative of c**4/4 - 4*c**3/3 + c**2/2 + c + 4. Give s(4).
5
Let b(x) = -x**3 + 4*x**2 - 2*x - 2. Let m(o) = -o**2 - 7*o - 6. Let k be m(-4). Let v = k + -9. Let h be 5 - v/(3/(-2)). Determine b(h).
1
Let m(v) = v**3 + 3*v**2 + 2. Let s be m(-3). Let w(p) be the first derivative of -p**s + 1 - p + p**4 - 2/3*p**3. Calculate w(-1).
-5
Let l(h) = -h - 4. Let z be l(-6). Let t(u) = -23*u + 3 + 18*u + u**z + 3. Let o be ((-10)/(-4))/(3/6). Give t(o).
6
Let b(c) = 3*c**2 + 3*c + 14. Let u(g) = -g**2 - g - 5. Let k(m) = -2*b(m) - 7*u(m). Let n = -2 - -4. Let r(i) = -i + 2. Let p be r(n). Determine k(p).
7
Let m(g) be the first derivative of -3*g**2/2 - 4*g + 3. Determine m(-3).
5
Let z be (-2)/((-4)/18*-3). Let j = -1 - z. Let k(m) = -5*m + 3. Give k(j).
-7
Let c(j) = -6*j**2 + 6*j + 1. Let h(u) = -u. Let w = -13 - -18. Let a(l) = w*h(l) + c(l). What is a(-1)?
-6
Let k(d) = d**2 - d - 5. Suppose 6*s = 3*s. Determine k(s).
-5
Let u(a) be the third derivative of -1/120*a**6 + 0*a + 1/12*a**5 + 1/2*a**3 + 0 + a**2 + 1/24*a**4. What is u(5)?
8
Let h(q) be the third derivative of -q**4/6 + q**3/3 + q**2. Give h(2).
-6
Let i(w) = 2 + 8*w - 2 - 3 - 7*w. Calculate i(-5).
-8
Let n(w) = w - 1. Let s = -2 - -3. What is n(s)?
0
Let i(z) = 2*z**2 + 19*z - 11. Let c be 3/3*-1 + 2. Suppose 0 = 4*k - c - 23. Let v(r) = r**2 + 9*r - 5. Let w(b) = k*i(b) - 13*v(b). Determine w(-1).
1
Suppose -10*s + 38 = -5*g - 13*s, -12 = 2*g - 2*s. Let q(x) = 5*x + x**2 - x**2 - 10 + x**2. Give q(g).
4
Let l(t) = t**3 - 5*t**2 + 3*t + 2. Suppose -10*m = -9 - 31. Give l(m).
-2
Let h(y) be the first derivative of 3*y**2/2 + 4*y + 64. Calculate h(3).
13
Let b(q) = q**3 + q**2 + 1. Let a(d) = -7*d**3 - 4*d**2 + 2*d - 9. Let i(f) = -a(f) - 6*b(f). What is i(2)?
-1
Let w be (-4 - -2 - (1 - 2))/(-1). Let q(y) be the second derivative of 2*y**3/3 + y**2/2 - y. Give q(w).
5
Suppose -4 - 16 = 4*u, 2*a - 22 = 4*u. Let t(l) = 2*l - a + 2 + 0. What is t(-3)?
-5
Suppose p - z - 4 + 2 = 0, 0 = -2*p + 4*z - 2. Let t(h) = 4*h + 7 - p*h + 6*h - 4*h. Give t(-5).
2
Suppose -5*v = -3*v. Suppose v = -2*d + 4*d + 2. Let i(t) = 7*t**3 - 13*t**2 - 7. Let n(k) = 4*k**3 - 6*k**2 - 3. Let o(p) = 4*i(p) - 9*n(p). Determine o(d).
9
Let m(b) be the third derivative of b**6/120 + b**5/12 + b**4/12 - b**3/2 - 2*b**2. Let x be -1 - (3 + 0/(-2)). Calculate m(x).
5
Let x(a) = 0*a**2 + a**3 + 3*a**2 + a - 22 + 20. What is x(-2)?
0
Let d(o) = -8*o**3 + o - 1. Let k = -2 - -7. Let n be (45/(-6))/k*-2. Let a = n + -2. Determine d(a).
-8
Let q(u) = u**3 - 2*u**2 - 4*u. Let x be (2 + -4)*(-9)/6. What is q(x)?
-3
Let f(q) = 2*q**3 + 6*q**2 + 2*q - 5. Let h(n) = -3*n**3 - 7*n**2 - 3*n + 6. Let v(s) = -4*f(s) - 3*h(s). Determine v(2).
0
Suppose 4*m + 3*b - 19 = 6*b, -11 = -2*m + 3*b. Suppose 2*v + 6 = -0*v + 3*a, m*v - a = -12. Let o(g) = -1 + 7 + 2*g - 3. What is o(v)?
-3
Let g(l) be the third derivative of -l**4/24 + 7*l**3/6 - 24*l**2. Give g(6).
1
Let t(a) be the first derivative of -7*a**5/60 - a**4/12 - a**3/6 + 2*a**2 + 3. Let z(l) be the second derivative of t(l). Suppose 5 = -3*h + 2. What is z(h)?
-6
Let f(z) be the third derivative of -z**5/60 + z**4/24 - z**3 - z**2. Let j(d) = d**2 + 8*d + 7. Let b be j(-7). What is f(b)?
-6
Let x(b) = -1. Let f(l) = -4*l + 11. Let z(u) = 2*f(u) + 22*x(u). What is z(1)?
-8
Let l = -4 + 7. Let k be l + 0 - (-2 - -1). Let a(o) be the third derivative of o**4/24 - 3*o**3/2 + 2*o**2. Determine a(k).
-5
Let g be (-5)/(-4) + (-2)/8. Let l(d) = 16*d - 1 + 15*d - 24*d. What is l(g)?
6
Let c(r) = -r**2 - 2*r - 3. Let s = -11 + 8. Let z(k) = -k**2 - 3*k - 4. Let v(q) = s*c(q) + 2*z(q). Calculate v(-1).
2
Let o(l) = -2*l**3 - 4*l**2 - l. Let c(a) = -a**3 - 4*a**2. Let p(z) = 3*c(z) - 2*o(z). Suppose 0*i - i + 2 = 0. What is p(i)?
-4
Let n(c) be the third derivative of -c**6/120 + c**4/24 + c**3/6 - 51*c**2. Give n(0).
1
Let a(x) = x + 10. Let v be a(8). Let q = -16 - -16. Suppose 3*f = -q*f - v. Let t(c) = -c - 5. Give t(f).
1
Let n(o) = -2*o**2 - 4*o - 3. Let b(s) = 3*s**2 + 4*s + 4. Let t(j) = -3*b(j) - 4*n(j). Determine t(3).
3
Let q(g) = -g**2 - 2*g + 3. Suppose 6*z - 5*z = 3. Determine q(z).
-12
Let o(t) be the third derivative of -t**4/12 - t**3/6 - 10*t**2. Calculate o(-2).
3
Let x(n) = -5*n - 3*n**2 + 5*n**2 + 3*n**2 - 3 - n**3. Suppose 0 = -p - 2*j + 4, 5 - 1 = p - 2*j. Give x(p).
-7
Let n = -8 + 10. Let u(v) = -v**3 + 4*v**2 - 4*v + 2. Give u(n).
2
Let z = 6 + 14. Suppose -5*v + z = -0. Let h(a) = -a**2 + a + 4. Give h(v).
-8
Let i(c) = 3*c - 1. Let o be i(1). Suppose o*n - 3 = -15. Let h(y) = y**3 + 6*y**2 + y - 1. Calculate h(n).
-7
Let j(m) be the first derivative of m**4/4 - 2*m**3/3 + m**2/2 + 4. Determine j(2).
2
Let c(o) = 5*o + 0*o - 6*o - 1 + 5*o**3 + o**3. What is c(-1)?
-6
Suppose 4*p = -10 + 26. Let k(q) = -4*q + 6 - p + 3*q - 1. Give k(-4).
5
Let a be (-8)/(-28) - (-32)/(-14). Let r be 36/8 + (-1)/a. Let k(x) be the first derivative of -x**2/2 + 5*x + 1. Calculate k(r).
0
Let d(b) = 4 - 2 + 2*b - 3 - b**2. Let j be d(1). Suppose j = 5*p - 3*f + 11, 5*p - f - 11 = 7*p. Let v(g) = g**3 + 3*g**2 - 3*g + 2. Determine v(p).
-2
Suppose 1 = -3*i - 5. Suppose -5*u - 3*g + 7 = -0*u, 9 = 2*u - 5*g. Let o(s) = 0*s + 5*s + s**u - 2*s + 1. Give o(i).
-1
Suppose 5*r = 2*i + 34, 3 - 33 = -4*r + 3*i. Let o(d) = -d. Give o(r).
-6
Let d(k) = -2*k**2 - 8*k - 9. Let q(l) = l**2 + l. Let r(z) = -d(z) - q(z). Give r(-7).
9
Let o be (-3)/(-3 + 5 + -1). Let k(d) = -6*d**3 + 2*d**2 - 2*d + 4. Let w(c) = -5*c**3 + c**2 - 2*c + 4. Let b(l) = 4*k(l) - 5*w(l). What is b(o)?
-10
Let a be 28/(-42) + 69/(-9)*-1. Let t(c) = c**3 - 8*c**2 + 6*c + 2. Give t(a).
-5
Let z(v) = -v**2 - 2*v - 1. Let b = 84 + -86. Give z(b).
-1
Let a(z) be the third derivative of 1/6*z**3 - 1/8*z**4 + 0 + 5*z**2 + 1/120*z**6 + 0*z + 1/15*z**5. Determine a(-5).
-9
Let f(u) = u**2 + 3*u + 0*u**2 + u**3 + 6 - 2*u**2. Let a(l) = -l**2 + 1. Let v(s) = -4*a(s) + f(s). Let m(h) = -h**2 - h + 4. Let j be m(-3). Calculate v(j).
0
Let m(x) = 6*x**2 + 11*x - 13*x - 1 - x**2. Give m(-1).
6
Let z(k) = 1 + 1 - k + 0*k. Suppose 3*y + 0*y - 90 = 0. Let g be (-1)/4 + y/(-8). Determine z(g).
6
Let u(w) be the first derivative of w**4/4 + w**3 - w**2 - 50. What is u(-4)?
-8
Let b(g) = g**2 + 2*g - 1. Let r be ((-15)/(-9))/((-5)/15). Determine b(r).
14
Suppose -4*j = 3*g + 35, j = 2*j - g. Let q(a) = 4*a + 2*a - 5 + 6*a**2 + a**3 - a. Let y be q(j). Let h(l) = l**2 + 6*l - 1. Calculate h(y).
-6
Let w = -2 - -7. Let s(g) = g**3 - 6*g**2 + 5*g + 5. Calculate s(w).
5
Let g(c) = -5*c**3 - 4*c + 3. Let s = -7 + 11. Let h(i) = 9*i**3 + 7*i - 6. Let n(f) = s*h(f) + 7*g(f). Give n(0).
-3
Let i(c) = -2*c + 6. Let k be i(4). Let u be k/6 + 39/9. Let q(z) = -z**3 + 3*z**2 + 2*z + 5. Determine q(u).
-3
Let q = 3 - 1. Let n(d) = 4*d**2 + 2*d + 1. Let w be n(-1). Let b(y) = -4*y + 1 + q*y + 5*y**w + y. Give b(1).
5
Let g(r) be the second derivative of -r**4 + 1/2*r**2 - 1/6*r**3 + 0 + 3*r. Determine g(1).
-12
Let j be (-2)/3*(-33)/(-22)*1. Let u(x) = -5*x**2 + x. What is u(j)?
-6
Suppose 0 = -5*a + 13 + 7. Let p(q) = a - 2*q - 2*q + q**2 + 0*q - 2. What is p(2)?
-2
Let b(w) = -10*w - w**3 + 8 - 5*w**2 - 2*w**2 + 10*w. Give b(-7).
8
Let d(g) = -25*g + 40. Let o(a) = -a + 1. Let b(i) = d(i) - 30*o(i). Let j(x) = x. Let r(q) = b(q) - 4*j(q). What is r(-5)?
5
Let q(w) = -2*w - 4 - 1 - 3 + 4. Let o(g) = -2*g**2 - g**2 + 2*g**2 - g -